.
7
Let d(b) = b - 2. Let t be d(6). Let y be 1 + -3 - (2 - -16). Let v = 36 + y. Calculate the highest common factor of t and v.
4
Let l(w) = w + 39. Let x be l(0). Suppose 4*t + 3*r = x, -10 = -4*r + 2*r. Calculate the greatest common divisor of t and 4.
2
Let j = 17 + -7. Calculate the highest common factor of 110 and j.
10
Let u = 40 + -25. Suppose 2*n = 5 - 1. Suppose -n*k - 165 = -3*k. Calculate the highest common factor of k and u.
15
Suppose -94 = -4*p - 2. What is the greatest common factor of p and 184?
23
Let r be 44/16 + 1/4. Let c = r + -2. Let w be 6 - 4 - (3 + -2). What is the highest common divisor of c and w?
1
Let w be (-6)/(-4) - (-3)/(-2). Let t be 6*2 + w + -2. Calculate the highest common divisor of t and 20.
10
Let i be ((-56)/(-12) + -4)*39. Calculate the greatest common factor of i and 65.
13
Let l be ((-16)/6)/((-2)/6). Suppose -2*a = 3*i - 7 - 0, 5*a - 4*i = 52. Calculate the highest common factor of a and l.
8
Let p(s) = s + 13. Let a be p(0). Let i = -2 + a. Let k be (-2)/(-4) + (-9)/(-18). What is the highest common factor of k and i?
1
Suppose -n + 4*n = 0. Suppose -r + 74 - 9 = 0. Suppose n = -p - 4*p + r. What is the greatest common divisor of p and 117?
13
Let o(y) = -5*y**3 + y**2 + 2*y. Let v be o(-2). Let b = v - 24. Let d = 2 + 0. Calculate the highest common factor of b and d.
2
Suppose 5*z + 2*w - 798 = 0, 4*z + 3*w - 787 + 150 = 0. Calculate the highest common divisor of 40 and z.
40
Suppose 5*i - 37 = -4*u + 3*u, -u + 5 = i. Let n be 8/(-6)*(-3)/(-2). Let c(b) = -4*b. Let v be c(n). What is the greatest common factor of v and i?
8
Let x be 67 + (0 + -2)/((-18)/(-9)). What is the greatest common factor of 44 and x?
22
Suppose 5*g = -5*b + 20, 2*b = -b + 5*g - 12. Let t(d) = -4 - 1 + 6 + 47*d**2. Let m be t(b). Calculate the highest common factor of m and 12.
12
Let n be ((-28)/(-10))/(38/95). Let u be -4 - (-14 - (n + -4)). What is the highest common divisor of 91 and u?
13
Suppose 4*b = 3 + 5. Let u be (1/(-2))/(1/b). Let r be ((-3)/(-4))/(u/(-56)). What is the greatest common divisor of r and 6?
6
Let d = 16 - 18. Let k(v) = -34*v - 3. Let q be k(d). Suppose -3*i + 34 + 15 = -5*u, -i = -5*u - 23. What is the greatest common divisor of q and i?
13
Let z be 5*21*(-4)/(-6). Let f be ((-8)/10)/((-4)/z). What is the highest common factor of 28 and f?
14
Let d = 21 + -17. What is the highest common factor of 12 and d?
4
Let v = -2 + 7. Suppose 0 = 3*w - 4*h - 46, 0 = 5*w + 2*h - 0*h - 42. What is the greatest common factor of v and w?
5
Let o(a) = a**2 + 8*a + 3. Let t be o(-8). Suppose -t*y + 26 + 7 = 0. Suppose -w - 24 + 112 = 0. What is the greatest common factor of y and w?
11
Let i be 11*(-4)/((-6)/3). Calculate the greatest common factor of 242 and i.
22
Let a(m) = 40*m**2. Let f be -1*(4/(-4) + 0). Let j be a(f). What is the highest common divisor of 8 and j?
8
Suppose 4*g = 3*d + 26, -2*g + 3*d - 30 = -5*g. Suppose -7*a = -2*a. Suppose a = -5*u - 4*w + 36 + 7, -4*w = -g. What is the greatest common factor of u and 21?
7
Let w be ((-18)/21)/((-2)/42). What is the greatest common divisor of 6 and w?
6
Let g = 1 + 2. Calculate the greatest common factor of 12 and g.
3
Let v = -3 + 12. Let l be 33 - 1 - (-16)/(-8). Let y = l + -24. Calculate the highest common divisor of v and y.
3
Let h(u) = u**2 - 5*u - 6. Let f be h(6). Suppose -3*a - 10 + 1 = 0, f = -5*l + 4*a + 642. What is the greatest common divisor of 14 and l?
14
Let y be ((-36)/(-3))/4*-1. Let g be 3 - (-34 + y + -2). Suppose -2*j - j - 146 = -5*p, -104 = -4*p - 4*j. Calculate the highest common divisor of p and g.
14
Let d be (2 - 16/7) + 13680/105. What is the highest common factor of 26 and d?
26
Let u(y) = y**3 - 9*y**2 + 14*y - 34. Let q be u(8). What is the highest common factor of 70 and q?
14
Let t be 1 - (4 + -1) - -4. Let j = -225 - -325. Suppose -j = -6*n + t*n. Calculate the highest common divisor of n and 25.
25
Let a(t) be the first derivative of 2*t**3/3 - 5*t**2/2 - t - 4. Let o be a(5). Suppose 2*q - o = -2*q. What is the greatest common divisor of q and 18?
6
Let n = -12 + 4. Let y = 0 + -6. Let o = y - n. What is the highest common factor of 1 and o?
1
Let i = 39 - 21. Let f = i + -10. Calculate the greatest common factor of 2 and f.
2
Let i be 1/(-2) + (2 - 90/(-4)). Calculate the greatest common divisor of 16 and i.
8
Let t(l) = 17*l**3 + l**2 - 2*l + 1. Let f be t(1). What is the greatest common factor of 34 and f?
17
Let n = 1 + 2. Suppose 0*l = 2*l + n*o - 8, 2*l - o = 0. Suppose -h + 0*h = -1. Calculate the highest common factor of l and h.
1
Suppose x - 50 = -11. Calculate the highest common divisor of x and 13.
13
Suppose -3 = -4*r + r, 0 = 2*f + 4*r - 38. What is the highest common divisor of f and 153?
17
Let l be 3/(2/(-1 + 7)). Let b = l + -7. Suppose -b*x = 2*x - 4*f - 212, 0 = 2*x - f - 110. What is the highest common factor of x and 19?
19
Suppose 4*r - 406 - 74 = 0. Suppose -r = -x - 2*x. Calculate the highest common divisor of 8 and x.
8
Let d be -3*(3 - 1)/(-2). Let s be (3/6)/(d/120). What is the highest common divisor of s and 160?
20
Suppose 109 = 3*y - 4*l, y + 15 = -l + 56. What is the greatest common factor of y and 52?
13
Suppose -7*x + 34 + 43 = 0. What is the highest common divisor of 33 and x?
11
Suppose -4*j = -3*j + 1. Let t be (0 - j)/((-5)/(-90)). What is the highest common divisor of 18 and t?
18
Suppose 6 = 3*p - p. Suppose -4 = -b - 4*y, 4*b + p = 5*y + 40. Suppose -o + b*t = 3*t - 22, 20 = 2*o - 2*t. Calculate the greatest common divisor of 21 and o.
7
Let m = 425 + -295. Suppose -4*u + m = -2*u. Let o(v) = -27*v**3 - 2*v**2 - v. Let n be o(-1). What is the greatest common factor of u and n?
13
Let f = -32 + 54. Let j be 6/33 + 1976/f. Suppose 0*b - 5*q = 5*b - j, 3*q = 9. Calculate the highest common factor of b and 3.
3
Suppose -w + 2*w = -1, -5*h - 149 = -w. Let a = h - -96. What is the greatest common factor of a and 22?
22
Suppose -312 = 4*q + 168. Let o = 170 + q. Let f = o - 35. What is the highest common factor of 5 and f?
5
Let n(c) = 118*c + 13. Let u(q) = 59*q + 6. Let s(l) = -4*n(l) + 9*u(l). Let v be s(5). Suppose 0*w = -3*w + v. What is the highest common divisor of 9 and w?
9
Let f = -131 - -331. Calculate the highest common divisor of 40 and f.
40
Let q = 7 - 23. Let y = 19 + q. Calculate the highest common divisor of y and 24.
3
Let j(v) = 2*v. Let l be j(1). Let d be 363/l - (-3)/2. Suppose d = 5*o - 222. What is the highest common divisor of 9 and o?
9
Let v be (-1)/2 - (-27)/6. Suppose 4 = 4*r - 0*z + z, 0 = -r - 4*z - 14. Suppose -28 = -r*x + v. Calculate the highest common divisor of 176 and x.
16
Let f = 1 + 2. Suppose 2*u - m - 15 = -0*m, 0 = -f*u - 5*m + 3. What is the greatest common factor of u and 6?
6
Let l(w) be the second derivative of w**5/10 - w**4/6 - 5*w**3/6 + 3*w**2/2 - 3*w. Let o be l(3). What is the highest common factor of o and 264?
24
Suppose 890 = r + 4*r. Suppose -c = 4*v - r, 2*c - 131 = -3*v - 0*c. Calculate the highest common divisor of v and 30.
15
Suppose -238 = -4*o + 194. Let w be (-18)/15*1*-10. What is the greatest common divisor of o and w?
12
Let k be 220/10 + (-12)/(-9)*-3. Let i be 164/14 - 2/(-7). Calculate the highest common factor of k and i.
6
Let p(r) be the first derivative of r**3/3 + 5*r**2/2 + 3*r + 4. Let z = -4 + -1. Let w be p(z). Calculate the highest common factor of 24 and w.
3
Let p be ((-4)/(-12))/((-1)/(-33)). Let h = -406 + 714. Suppose -4*b + h = -44. What is the greatest common divisor of b and p?
11
Suppose -w + 17 = 4*a + a, 2*a + w = 5. Let b(q) = 5*q - 4*q + 0*q. Let x be b(a). What is the greatest common factor of x and 32?
4
Let u(t) = -t + 14. Let h be u(-13). Let s(k) = -3*k - 9. Let x be s(-6). What is the greatest common divisor of x and h?
9
Suppose -5*k - 26 = -b - 7, -k = -4*b. Let q be 16 + 1 + 1/b. Calculate the greatest common factor of 112 and q.
16
Let d be (-3)/((-9)/(-5) - 2). Let l = 50 - 35. What is the greatest common factor of l and d?
15
Let i be (15/4)/((-6)/(-112)). Suppose -7*v + i = -2*v. What is the greatest common divisor of v and 21?
7
Suppose j = d - 194, 0*d + 5*j = -2*d + 360. Suppose 5*r = -0*r + d. Let s be r/8 - 1/(-4). What is the highest common divisor of s and 15?
5
L